{"id":138,"date":"2026-04-11T15:19:56","date_gmt":"2026-04-11T08:19:56","guid":{"rendered":"https:\/\/kk55.archi\/?page_id=138"},"modified":"2026-04-12T13:25:44","modified_gmt":"2026-04-12T06:25:44","slug":"gioi-thieu-kk55","status":"publish","type":"page","link":"https:\/\/kk55.archi\/index.php\/gioi-thieu-kk55\/","title":{"rendered":"KK55 Nh\u00e0 C\u00e1i Tr\u1ef1c Tuy\u1ebfn Uy T\u00edn &#8211; \u0110\u01b0\u1ee3c Y\u00eau Th\u00edch Nh\u1ea5t 2026"},"content":{"rendered":"<div id=\"ez-toc-container\" class=\"ez-toc-v2_0_82_2 counter-hierarchy ez-toc-counter ez-toc-grey ez-toc-container-direction\">\n<div class=\"ez-toc-title-container\">\n<p class=\"ez-toc-title\" style=\"cursor:inherit\">M\u1ee5c L\u1ee5c<\/p>\n<span class=\"ez-toc-title-toggle\"><a href=\"#\" class=\"ez-toc-pull-right ez-toc-btn ez-toc-btn-xs ez-toc-btn-default ez-toc-toggle\" aria-label=\"Toggle Table of Content\"><span class=\"ez-toc-js-icon-con\"><span class=\"\"><span class=\"eztoc-hide\" style=\"display:none;\">Toggle<\/span><span class=\"ez-toc-icon-toggle-span\"><svg style=\"fill: #999;color:#999\" xmlns=\"http:\/\/www.w3.org\/2000\/svg\" class=\"list-377408\" width=\"20px\" height=\"20px\" viewBox=\"0 0 24 24\" fill=\"none\"><path d=\"M6 6H4v2h2V6zm14 0H8v2h12V6zM4 11h2v2H4v-2zm16 0H8v2h12v-2zM4 16h2v2H4v-2zm16 0H8v2h12v-2z\" fill=\"currentColor\"><\/path><\/svg><svg style=\"fill: #999;color:#999\" class=\"arrow-unsorted-368013\" xmlns=\"http:\/\/www.w3.org\/2000\/svg\" width=\"10px\" height=\"10px\" viewBox=\"0 0 24 24\" version=\"1.2\" baseProfile=\"tiny\"><path d=\"M18.2 9.3l-6.2-6.3-6.2 6.3c-.2.2-.3.4-.3.7s.1.5.3.7c.2.2.4.3.7.3h11c.3 0 .5-.1.7-.3.2-.2.3-.5.3-.7s-.1-.5-.3-.7zM5.8 14.7l6.2 6.3 6.2-6.3c.2-.2.3-.5.3-.7s-.1-.5-.3-.7c-.2-.2-.4-.3-.7-.3h-11c-.3 0-.5.1-.7.3-.2.2-.3.5-.3.7s.1.5.3.7z\"\/><\/svg><\/span><\/span><\/span><\/a><\/span><\/div>\n<nav><ul class='ez-toc-list ez-toc-list-level-1 ' ><li class='ez-toc-page-1 ez-toc-heading-level-1'><a class=\"ez-toc-link ez-toc-heading-1\" href=\"https:\/\/kk55.archi\/index.php\/gioi-thieu-kk55\/#KK55_Nha_Cai_Truc_Tuyen_Uy_Tin_%E2%80%93_Duoc_Yeu_Thich_Nhat_2026\" >KK55 Nh\u00e0 C\u00e1i Tr\u1ef1c Tuy\u1ebfn Uy T\u00edn &#8211; \u0110\u01b0\u1ee3c Y\u00eau Th\u00edch Nh\u1ea5t 2026<\/a><ul class='ez-toc-list-level-2' ><li class='ez-toc-heading-level-2'><a class=\"ez-toc-link ez-toc-heading-2\" href=\"https:\/\/kk55.archi\/index.php\/gioi-thieu-kk55\/#Gioi_thieu_ve_KK5\" >Gi\u1edbi thi\u1ec7u v\u1ec1 KK5<\/a><\/li><li class='ez-toc-page-1 ez-toc-heading-level-2'><a class=\"ez-toc-link ez-toc-heading-3\" href=\"https:\/\/kk55.archi\/index.php\/gioi-thieu-kk55\/#Gia_tri_cot_loi_ben_vung\" >Gi\u00e1 tr\u1ecb c\u1ed1t l\u00f5i b\u1ec1n v\u1eefng<\/a><ul class='ez-toc-list-level-3' ><li class='ez-toc-heading-level-3'><a class=\"ez-toc-link ez-toc-heading-4\" href=\"https:\/\/kk55.archi\/index.php\/gioi-thieu-kk55\/#Gioi_thieu_KK55_%E2%80%93_Su_menh_voi_cong_dong\" >Gi\u1edbi thi\u1ec7u KK55 &#8211; S\u1ee9 m\u1ec7nh v\u1edbi c\u1ed9ng \u0111\u1ed3ng<\/a><\/li><li class='ez-toc-page-1 ez-toc-heading-level-3'><a class=\"ez-toc-link ez-toc-heading-5\" href=\"https:\/\/kk55.archi\/index.php\/gioi-thieu-kk55\/#Cam_ket_cong_bang_tuyet_doi\" >Cam k\u1ebft c\u00f4ng b\u1eb1ng tuy\u1ec7t \u0111\u1ed1i<\/a><\/li><\/ul><\/li><li class='ez-toc-page-1 ez-toc-heading-level-2'><a class=\"ez-toc-link ez-toc-heading-6\" href=\"https:\/\/kk55.archi\/index.php\/gioi-thieu-kk55\/#Nhung_cot_moc_phat_trien_khang_dinh_vi_the_quoc_te\" >Nh\u1eefng c\u1ed9t m\u1ed1c ph\u00e1t tri\u1ec3n kh\u1eb3ng \u0111\u1ecbnh v\u1ecb th\u1ebf qu\u1ed1c t\u1ebf<\/a><ul class='ez-toc-list-level-3' ><li class='ez-toc-heading-level-3'><a class=\"ez-toc-link ez-toc-heading-7\" href=\"https:\/\/kk55.archi\/index.php\/gioi-thieu-kk55\/#Chinh_phuc_thi_truong_chau_A\" >Chinh ph\u1ee5c th\u1ecb tr\u01b0\u1eddng ch\u00e2u \u00c1<\/a><\/li><li class='ez-toc-page-1 ez-toc-heading-level-3'><a class=\"ez-toc-link ez-toc-heading-8\" href=\"https:\/\/kk55.archi\/index.php\/gioi-thieu-kk55\/#He_thong_giay_phep_van_hanh_hop_phap_tu_Pagcor\" >H\u1ec7 th\u1ed1ng gi\u1ea5y ph\u00e9p v\u1eadn h\u00e0nh h\u1ee3p ph\u00e1p t\u1eeb Pagcor<\/a><\/li><\/ul><\/li><li class='ez-toc-page-1 ez-toc-heading-level-2'><a class=\"ez-toc-link ez-toc-heading-9\" href=\"https:\/\/kk55.archi\/index.php\/gioi-thieu-kk55\/#Uu_diem_tao_nen_suc_hut\" >\u01afu \u0111i\u1ec3m t\u1ea1o n\u00ean s\u1ee9c h\u00fat<\/a><ul class='ez-toc-list-level-3' ><li class='ez-toc-heading-level-3'><a class=\"ez-toc-link ez-toc-heading-10\" href=\"https:\/\/kk55.archi\/index.php\/gioi-thieu-kk55\/#Giao_dien_hien_dai_va_trai_nghiem_da_nen_tang\" >Giao di\u1ec7n hi\u1ec7n \u0111\u1ea1i v\u00e0 tr\u1ea3i nghi\u1ec7m \u0111a n\u1ec1n t\u1ea3ng<\/a><\/li><li class='ez-toc-page-1 ez-toc-heading-level-3'><a class=\"ez-toc-link ez-toc-heading-11\" href=\"https:\/\/kk55.archi\/index.php\/gioi-thieu-kk55\/#He_thong_thanh_toan_sieu_toc_tich_hop_da_kenh\" >H\u1ec7 th\u1ed1ng thanh to\u00e1n si\u00eau t\u1ed1c t\u00edch h\u1ee3p \u0111a k\u00eanh<\/a><\/li><\/ul><\/li><li class='ez-toc-page-1 ez-toc-heading-level-2'><a class=\"ez-toc-link ez-toc-heading-12\" href=\"https:\/\/kk55.archi\/index.php\/gioi-thieu-kk55\/#Ket_luan\" >K\u1ebft lu\u1eadn<\/a><\/li><\/ul><\/li><\/ul><\/nav><\/div>\n<h1 style=\"text-align: center;\"><span class=\"ez-toc-section\" id=\"KK55_Nha_Cai_Truc_Tuyen_Uy_Tin_%E2%80%93_Duoc_Yeu_Thich_Nhat_2026\"><\/span><b>KK55 Nh\u00e0 C\u00e1i Tr\u1ef1c Tuy\u1ebfn Uy T\u00edn &#8211; \u0110\u01b0\u1ee3c Y\u00eau Th\u00edch Nh\u1ea5t 2026<\/b><span class=\"ez-toc-section-end\"><\/span><\/h1>\n<p><span style=\"font-weight: 400;\">Gi\u1edbi thi\u1ec7u KK55 l\u00e0 m\u1ed9t \u0111i\u1ec3m \u0111\u1ebfn an to\u00e0n v\u00e0 ch\u1ea5t l\u01b0\u1ee3ng lu\u00f4n l\u00e0 \u01b0u ti\u00ean h\u00e0ng \u0111\u1ea7u c\u1ee7a ch\u00fang t\u00f4i khi ph\u1ee5c v\u1ee5 c\u1ed9ng \u0111\u1ed3ng. Gi\u1eefa h\u00e0ng ng\u00e0n l\u1ef1a ch\u1ecdn tr\u00ean th\u1ecb tr\u01b0\u1eddng hi\u1ec7n nay, KK55 v\u01b0\u01a1n l\u00ean nh\u01b0 m\u1ed9t bi\u1ec3u t\u01b0\u1ee3ng c\u1ee7a s\u1ef1 minh b\u1ea1ch v\u00e0 chuy\u00ean nghi\u1ec7p. <a href=\"https:\/\/kk55.archi\/\"><strong>KK55<\/strong><\/a> cam k\u1ebft mang l\u1ea1i m\u1ed9t m\u00f4i tr\u01b0\u1eddng c\u00f4ng b\u1eb1ng, n\u01a1i b\u1ea1n c\u00f3 th\u1ec3 tin t\u01b0\u1edfng v\u00e0 t\u1eadn h\u01b0\u1edfng nh\u1eefng gi\u00e2y ph\u00fat gi\u1ea3i tr\u00ed tuy\u1ec7t v\u1eddi\u00a0 nh\u1ea5t.<\/span><\/p>\n<h2><span class=\"ez-toc-section\" id=\"Gioi_thieu_ve_KK5\"><\/span><b>Gi\u1edbi thi\u1ec7u v\u1ec1 KK5<\/b><span class=\"ez-toc-section-end\"><\/span><\/h2>\n<p><span style=\"font-weight: 400;\">\u0110\u1ec3 hi\u1ec3u r\u00f5 h\u01a1n v\u1ec1 gi\u00e1 tr\u1ecb c\u1ed1t l\u00f5i v\u00e0 ph\u01b0\u01a1ng h\u01b0\u1edbng ho\u1ea1t \u0111\u1ed9ng KK55, ch\u00fang ta c\u1ea7n nh\u00ecn l\u1ea1i to\u00e0n b\u1ed9 b\u1ee9c tranh chi\u1ebfn l\u01b0\u1ee3c d\u00e0i h\u1ea1n. D\u01b0\u1edbi \u0111\u00e2y l\u00e0 ph\u1ea7n tr\u00ecnh b\u00e0y \u0111\u1ecbnh h\u01b0\u1edbng \u0111\u00e3 gi\u00fap KK55 x\u00e2y d\u1ef1ng n\u1ec1n m\u00f3ng v\u1eefng ch\u1eafc ngay t\u1eeb nh\u1eefng ng\u00e0y \u0111\u1ea7u th\u00e0nh l\u1eadp, \u0111\u1eb7t l\u1ee3i \u00edch c\u1ee7a ng\u01b0\u1eddi ch\u01a1i l\u00ean v\u1ecb tr\u00ed \u0111\u1ed9c t\u00f4n.<\/span><\/p>\n<figure id=\"attachment_140\" aria-describedby=\"caption-attachment-140\" style=\"width: 800px\" class=\"wp-caption aligncenter\"><img decoding=\"async\" class=\"size-full wp-image-140\" src=\"https:\/\/kk55.archi\/wp-content\/uploads\/2026\/04\/gioi-thieu-kk55-thuong-hieu-giai-tri-uy-tin.jpg\" alt=\"Gi\u1edbi thi\u1ec7u KK55 th\u01b0\u01a1ng hi\u1ec7u gi\u1ea3i tr\u00ed uy t\u00edn\" width=\"800\" height=\"400\" srcset=\"https:\/\/kk55.archi\/wp-content\/uploads\/2026\/04\/gioi-thieu-kk55-thuong-hieu-giai-tri-uy-tin.jpg 800w, https:\/\/kk55.archi\/wp-content\/uploads\/2026\/04\/gioi-thieu-kk55-thuong-hieu-giai-tri-uy-tin-300x150.jpg 300w, https:\/\/kk55.archi\/wp-content\/uploads\/2026\/04\/gioi-thieu-kk55-thuong-hieu-giai-tri-uy-tin-768x384.jpg 768w\" sizes=\"(max-width: 800px) 100vw, 800px\" \/><figcaption id=\"caption-attachment-140\" class=\"wp-caption-text\">Gi\u1edbi thi\u1ec7u KK55 th\u01b0\u01a1ng hi\u1ec7u gi\u1ea3i tr\u00ed uy t\u00edn<\/figcaption><\/figure>\n<h2><span class=\"ez-toc-section\" id=\"Gia_tri_cot_loi_ben_vung\"><\/span><b>Gi\u00e1 tr\u1ecb c\u1ed1t l\u00f5i b\u1ec1n v\u1eefng<\/b><span class=\"ez-toc-section-end\"><\/span><\/h2>\n<p><span style=\"font-weight: 400;\">Vi\u1ec7c x\u00e1c \u0111\u1ecbnh r\u00f5 m\u1ee5c ti\u00eau d\u00e0i h\u1ea1n ch\u00ednh l\u00e0 kim ch\u1ec9 nam d\u1eabn \u0111\u01b0\u1eddng cho m\u1ecdi quy\u1ebft \u0111\u1ecbnh n\u00e2ng c\u1ea5p v\u00e0 v\u1eadn h\u00e0nh to\u00e0n b\u1ed9 h\u1ec7 th\u1ed1ng. D\u01b0\u1edbi \u0111\u00e2y l\u00e0 ph\u1ea7n gi\u1edbi thi\u1ec7u chi ti\u1ebft v\u1ec1 \u0111\u1ecbnh h\u01b0\u1edbng c\u1ed1t l\u00f5i gi\u00fap ch\u00fang t\u00f4i t\u1ef1 tin ti\u1ebfn b\u01b0\u1edbc tr\u00ean con \u0111\u01b0\u1eddng ph\u1ee5c v\u1ee5 kh\u00e1ch h\u00e0ng.<\/span><\/p>\n<blockquote><p>Xem Th\u00eam: <a href=\"https:\/\/kk55.archi\/index.php\/lien-he\/\">Li\u00ean H\u1ec7<\/a> H\u1ed7 Tr\u1ee3 Kh\u00e1ch H\u00e0ng Nhanh Ch\u00f3ng<\/p><\/blockquote>\n<h3><span class=\"ez-toc-section\" id=\"Gioi_thieu_KK55_%E2%80%93_Su_menh_voi_cong_dong\"><\/span><b>Gi\u1edbi thi\u1ec7u KK55 &#8211; S\u1ee9 m\u1ec7nh v\u1edbi c\u1ed9ng \u0111\u1ed3ng<\/b><span class=\"ez-toc-section-end\"><\/span><\/h3>\n<p><span style=\"font-weight: 400;\">Th\u00f4ng qua b\u00e0i gi\u1edbi thi\u1ec7u n\u00e0y, ch\u00fang t\u00f4i kh\u00f4ng ng\u1eebng n\u1ed7 l\u1ef1c \u0111\u1ec3 t\u1ea1o ra m\u1ed9t s\u00e2n ch\u01a1i l\u00e0nh m\u1ea1nh, n\u01a1i m\u1ed7i c\u00e1 nh\u00e2n \u0111\u1ec1u \u0111\u01b0\u1ee3c t\u00f4n tr\u1ecdng t\u1ed1i \u0111a. KK55 ki\u00ean quy\u1ebft lo\u1ea1i b\u1ecf m\u1ecdi y\u1ebfu t\u1ed1 ti\u00eau c\u1ef1c, \u0111\u1ea3m b\u1ea3o m\u1ed9t m\u00f4i tr\u01b0\u1eddng s\u1ea1ch, n\u00f3i kh\u00f4ng v\u1edbi gian l\u1eadn \u0111\u1ec3 b\u1ea3o v\u1ec7 quy\u1ec1n l\u1ee3i ch\u00ednh \u0111\u00e1ng c\u1ee7a ng\u01b0\u1eddi ch\u01a1i trong su\u1ed1t qu\u00e1 tr\u00ecnh \u0111\u1ed3ng h\u00e0nh.<\/span><\/p>\n<ul>\n<li style=\"font-weight: 400;\" aria-level=\"1\"><span style=\"font-weight: 400;\">X\u00e2y d\u1ef1ng quy t\u1eafc \u1ee9ng x\u1eed chu\u1ea9n m\u1ef1c, y\u00eau c\u1ea7u s\u1ef1 minh b\u1ea1ch t\u1eeb m\u1ecdi th\u00e0nh vi\u00ean.<\/span><\/li>\n<li style=\"font-weight: 400;\" aria-level=\"1\"><span style=\"font-weight: 400;\">Khuy\u1ebfn kh\u00edch tham gia gi\u1ea3i tr\u00ed c\u00f3 tr\u00e1ch nhi\u1ec7m, \u0111\u1eb7t gi\u1edbi h\u1ea1n an to\u00e0n t\u00e0i ch\u00ednh.<\/span><\/li>\n<li style=\"font-weight: 400;\" aria-level=\"1\"><span style=\"font-weight: 400;\">Lu\u00f4n l\u1eafng nghe v\u00e0 ti\u1ebfp thu \u00fd ki\u1ebfn \u0111\u00f3ng g\u00f3p t\u1eeb h\u00e0ng tri\u1ec7u ng\u01b0\u1eddi ch\u01a1i.<\/span><\/li>\n<\/ul>\n<h3><span class=\"ez-toc-section\" id=\"Cam_ket_cong_bang_tuyet_doi\"><\/span><b>Cam k\u1ebft c\u00f4ng b\u1eb1ng tuy\u1ec7t \u0111\u1ed1i<\/b><span class=\"ez-toc-section-end\"><\/span><\/h3>\n<p><span style=\"font-weight: 400;\">Y\u1ebfu t\u1ed1 s\u1ed1ng c\u00f2n c\u1ee7a m\u1ed9t h\u1ec7 th\u1ed1ng ch\u1ea5t l\u01b0\u1ee3ng ch\u00ednh l\u00e0 s\u1ef1 an to\u00e0n d\u1eef li\u1ec7u. B\u1eb1ng vi\u1ec7c \u00e1p d\u1ee5ng c\u00f4ng ngh\u1ec7 m\u00e3 h\u00f3a hi\u1ec7n \u0111\u1ea1i SSL 128-bit, ch\u00fang t\u00f4i ng\u0103n ch\u1eb7n m\u1ecdi h\u00e0nh vi x\u00e2m nh\u1eadp tr\u00e1i ph\u00e9p t\u1eeb b\u00ean th\u1ee9 ba. Nh\u1edd \u0111\u00f3, th\u00f4ng tin c\u00e1 nh\u00e2n v\u00e0 t\u00e0i s\u1ea3n c\u1ee7a b\u1ea1n lu\u00f4n n\u1eb1m trong tr\u1ea1ng th\u00e1i \u0111\u01b0\u1ee3c b\u1ea3o v\u1ec7 m\u1ed9t c\u00e1ch nghi\u00eam ng\u1eb7t nh\u1ea5t.<\/span><\/p>\n<figure id=\"attachment_142\" aria-describedby=\"caption-attachment-142\" style=\"width: 800px\" class=\"wp-caption aligncenter\"><img decoding=\"async\" class=\"size-full wp-image-142\" src=\"https:\/\/kk55.archi\/wp-content\/uploads\/2026\/04\/tam-nhin-gia-tri-ben-vung.jpg\" alt=\"T\u1ea7m nh\u00ecn gi\u00e1 tr\u1ecb b\u1ec1n v\u1eefng\" width=\"800\" height=\"400\" srcset=\"https:\/\/kk55.archi\/wp-content\/uploads\/2026\/04\/tam-nhin-gia-tri-ben-vung.jpg 800w, https:\/\/kk55.archi\/wp-content\/uploads\/2026\/04\/tam-nhin-gia-tri-ben-vung-300x150.jpg 300w, https:\/\/kk55.archi\/wp-content\/uploads\/2026\/04\/tam-nhin-gia-tri-ben-vung-768x384.jpg 768w\" sizes=\"(max-width: 800px) 100vw, 800px\" \/><figcaption id=\"caption-attachment-142\" class=\"wp-caption-text\">T\u1ea7m nh\u00ecn gi\u00e1 tr\u1ecb b\u1ec1n v\u1eefng<\/figcaption><\/figure>\n<h2><span class=\"ez-toc-section\" id=\"Nhung_cot_moc_phat_trien_khang_dinh_vi_the_quoc_te\"><\/span><b>Nh\u1eefng c\u1ed9t m\u1ed1c ph\u00e1t tri\u1ec3n kh\u1eb3ng \u0111\u1ecbnh v\u1ecb th\u1ebf qu\u1ed1c t\u1ebf<\/b><span class=\"ez-toc-section-end\"><\/span><\/h2>\n<p><span style=\"font-weight: 400;\">Tr\u1ea3i qua qu\u00e1 tr\u00ecnh n\u1ed7 l\u1ef1c kh\u00f4ng ng\u1eebng ngh\u1ec9, th\u01b0\u01a1ng hi\u1ec7u \u0111\u00e3 ghi d\u1ea5u \u1ea5n m\u1ea1nh m\u1ebd th\u00f4ng qua nh\u1eefng th\u00e0nh t\u1ef1u th\u1ef1c t\u1ebf \u0111\u00e1ng t\u1ef1 h\u00e0o. \u0110i\u1ec1u n\u00e0y \u0111\u01b0\u1ee3c minh ch\u1ee9ng r\u1ea5t r\u00f5 r\u00e0ng qua c\u00e1c con s\u1ed1 t\u0103ng tr\u01b0\u1edfng \u1ea5n t\u01b0\u1ee3ng trong su\u1ed1t th\u1eddi gian qua, cho th\u1ea5y s\u1ef1 n\u1ed7 l\u1ef1c v\u01b0\u01a1n l\u00ean kh\u00f4ng ng\u1eebng c\u1ee7a to\u00e0n b\u1ed9 t\u1eadp th\u1ec3 \u0111\u1ed9i ng\u0169 qu\u1ea3n l\u00fd.<\/span><\/p>\n<h3><span class=\"ez-toc-section\" id=\"Chinh_phuc_thi_truong_chau_A\"><\/span><b>Chinh ph\u1ee5c th\u1ecb tr\u01b0\u1eddng ch\u00e2u \u00c1<\/b><span class=\"ez-toc-section-end\"><\/span><\/h3>\n<p><span style=\"font-weight: 400;\">Theo nh\u01b0 b\u1ea3ng gi\u1edbi thi\u1ec7u s\u1ed1 li\u1ec7u d\u01b0\u1edbi \u0111\u00e2y, s\u1ef1 t\u0103ng tr\u01b0\u1edfng v\u01b0\u1ee3t b\u1eadc t\u1eeb m\u1ed9t t\u00ean tu\u1ed5i m\u1edbi v\u01b0\u01a1n l\u00ean ph\u1ee5c v\u1ee5 \u0111\u00f4ng \u0111\u1ea3o h\u1ed9i vi\u00ean l\u00e0 minh ch\u1ee9ng r\u00f5 n\u00e9t nh\u1ea5t. S\u1ef1 ph\u00e1t tri\u1ec3n v\u1eefng m\u1ea1nh c\u1ee7a KK55 kh\u1eb3ng \u0111\u1ecbnh ni\u1ec1m tin tuy\u1ec7t \u0111\u1ed1i m\u00e0 c\u1ed9ng \u0111\u1ed3ng \u0111\u00e3 \u01b0u \u00e1i d\u00e0nh t\u1eb7ng cho h\u1ec7 th\u1ed1ng d\u1ecbch v\u1ee5 gi\u1ea3i tr\u00ed tr\u1ef1c tuy\u1ebfn n\u00e0y.<\/span><\/p>\n<table>\n<tbody>\n<tr>\n<td><span style=\"font-weight: 400;\">N\u0103m<\/span><\/td>\n<td><span style=\"font-weight: 400;\">S\u1ed1 l\u01b0\u1ee3ng th\u00e0nh vi\u00ean<\/span><\/td>\n<td><span style=\"font-weight: 400;\">L\u01b0\u1ee3t truy c\u1eadp h\u00e0ng ng\u00e0y<\/span><\/td>\n<td><span style=\"font-weight: 400;\">Th\u1eddi gian ho\u1ea1t \u0111\u1ed9ng<\/span><\/td>\n<\/tr>\n<tr>\n<td><span style=\"font-weight: 400;\">2021<\/span><\/td>\n<td><span style=\"font-weight: 400;\">150,000<\/span><\/td>\n<td><span style=\"font-weight: 400;\">25,000<\/span><\/td>\n<td><span style=\"font-weight: 400;\">24\/7<\/span><\/td>\n<\/tr>\n<tr>\n<td><span style=\"font-weight: 400;\">2022<\/span><\/td>\n<td><span style=\"font-weight: 400;\">450,000<\/span><\/td>\n<td><span style=\"font-weight: 400;\">80,000<\/span><\/td>\n<td><span style=\"font-weight: 400;\">24\/7<\/span><\/td>\n<\/tr>\n<tr>\n<td><span style=\"font-weight: 400;\">2023<\/span><\/td>\n<td><span style=\"font-weight: 400;\">1,200,000<\/span><\/td>\n<td><span style=\"font-weight: 400;\">200,000<\/span><\/td>\n<td><span style=\"font-weight: 400;\">24\/7<\/span><\/td>\n<\/tr>\n<\/tbody>\n<\/table>\n<h3><span class=\"ez-toc-section\" id=\"He_thong_giay_phep_van_hanh_hop_phap_tu_Pagcor\"><\/span><b>H\u1ec7 th\u1ed1ng gi\u1ea5y ph\u00e9p v\u1eadn h\u00e0nh h\u1ee3p ph\u00e1p t\u1eeb Pagcor<\/b><span class=\"ez-toc-section-end\"><\/span><\/h3>\n<p><span style=\"font-weight: 400;\">\u0110\u1ec3 ho\u1ea1t \u0111\u1ed9ng xuy\u00ean qu\u1ed1c gia, KK55 \u0111\u00e3 v\u01b0\u1ee3t qua h\u00e0ng lo\u1ea1t kh\u00e2u ki\u1ec3m \u0111\u1ecbnh v\u00f4 c\u00f9ng kh\u1eaft khe c\u1ee7a c\u00e1c t\u1ed5 ch\u1ee9c ki\u1ec3m so\u00e1t uy t\u00edn h\u00e0ng \u0111\u1ea7u khu v\u1ef1c. Vi\u1ec7c s\u1edf h\u1eefu ch\u1ee9ng nh\u1eadn t\u1eeb Pagcor l\u00e0 minh ch\u1ee9ng ph\u00e1p l\u00fd r\u00f5 nh\u1ea5t m\u00e0 t\u00e0i li\u1ec7u gi\u1edbi thi\u1ec7u n\u00e0y mu\u1ed1n nh\u1ea5n m\u1ea1nh. M\u1ecdi gi\u1ea5y t\u1edd \u0111\u1ec1u \u0111\u01b0\u1ee3c c\u00f4ng khai minh b\u1ea1ch \u0111\u1ec3 b\u1ea1n c\u00f3 th\u1ec3 d\u1ec5 d\u00e0ng ki\u1ec3m tra v\u00e0 tra c\u1ee9u b\u1ea5t k\u1ef3 l\u00fac n\u00e0o.<\/span><\/p>\n<figure id=\"attachment_139\" aria-describedby=\"caption-attachment-139\" style=\"width: 800px\" class=\"wp-caption aligncenter\"><img decoding=\"async\" class=\"size-full wp-image-139\" src=\"https:\/\/kk55.archi\/wp-content\/uploads\/2026\/04\/cot-moc-khang-dinh-vi-the-moi.jpg\" alt=\"C\u1ed9t m\u1ed1c kh\u1eb3ng \u0111\u1ecbnh v\u1ecb th\u1ebf m\u1edbi\" width=\"800\" height=\"400\" srcset=\"https:\/\/kk55.archi\/wp-content\/uploads\/2026\/04\/cot-moc-khang-dinh-vi-the-moi.jpg 800w, https:\/\/kk55.archi\/wp-content\/uploads\/2026\/04\/cot-moc-khang-dinh-vi-the-moi-300x150.jpg 300w, https:\/\/kk55.archi\/wp-content\/uploads\/2026\/04\/cot-moc-khang-dinh-vi-the-moi-768x384.jpg 768w\" sizes=\"(max-width: 800px) 100vw, 800px\" \/><figcaption id=\"caption-attachment-139\" class=\"wp-caption-text\">C\u1ed9t m\u1ed1c kh\u1eb3ng \u0111\u1ecbnh v\u1ecb th\u1ebf m\u1edbi<\/figcaption><\/figure>\n<h2><span class=\"ez-toc-section\" id=\"Uu_diem_tao_nen_suc_hut\"><\/span><b>\u01afu \u0111i\u1ec3m t\u1ea1o n\u00ean s\u1ee9c h\u00fat<\/b><span class=\"ez-toc-section-end\"><\/span><\/h2>\n<p><span style=\"font-weight: 400;\">Ti\u1ebfp n\u1ed1i chuy\u00ean m\u1ee5c gi\u1edbi thi\u1ec7u n\u00e0y, s\u1ef1 c\u1ea1nh tranh kh\u1ed1c li\u1ec7t tr\u00ean th\u1ecb tr\u01b0\u1eddng \u0111\u00f2i h\u1ecfi h\u1ec7 th\u1ed1ng ph\u1ea3i li\u00ean t\u1ee5c \u0111\u1ed5i m\u1edbi v\u00e0 cung c\u1ea5p nh\u1eefng gi\u00e1 tr\u1ecb th\u1ef1c s\u1ef1 v\u01b0\u1ee3t tr\u1ed9i. D\u01b0\u1edbi \u0111\u00e2y l\u00e0 nh\u1eefng y\u1ebfu t\u1ed1 c\u1ed1t l\u00f5i mang t\u00ednh quy\u1ebft \u0111\u1ecbnh gi\u00fap KK55 gi\u1eef ch\u00e2n kh\u00e1ch h\u00e0ng g\u1eafn b\u00f3 l\u00e2u d\u00e0i c\u00f9ng s\u1ef1 nghi\u1ec7p ph\u00e1t tri\u1ec3n chung.<\/span><\/p>\n<h3><span class=\"ez-toc-section\" id=\"Giao_dien_hien_dai_va_trai_nghiem_da_nen_tang\"><\/span><b>Giao di\u1ec7n hi\u1ec7n \u0111\u1ea1i v\u00e0 tr\u1ea3i nghi\u1ec7m \u0111a n\u1ec1n t\u1ea3ng<\/b><span class=\"ez-toc-section-end\"><\/span><\/h3>\n<p><span style=\"font-weight: 400;\">Giao di\u1ec7n gi\u1edbi thi\u1ec7u KK55 \u0111\u01b0\u1ee3c thi\u1ebft k\u1ebf gi\u1ed1ng nh\u01b0 m\u1ed9t b\u1ea3n gi\u1edbi thi\u1ec7u ho\u00e0n h\u1ea3o v\u1ec1 s\u1ef1 \u0111\u1eb3ng c\u1ea5p, v\u1edbi thao t\u00e1c m\u01b0\u1ee3t m\u00e0 tr\u00ean c\u1ea3 thi\u1ebft b\u1ecb di \u0111\u1ed9ng l\u1eabn n\u1ec1n t\u1ea3ng m\u00e1y t\u00ednh b\u00e0n. Ng\u01b0\u1eddi ch\u01a1i kh\u00f4ng c\u1ea7n m\u1ea5t qu\u00e1 nhi\u1ec1u th\u1eddi gian \u0111\u1ec3 l\u00e0m quen v\u00ec m\u1ecdi ch\u1ee9c n\u0103ng \u0111\u1ec1u \u0111\u01b0\u1ee3c nh\u00e0 ph\u00e1t h\u00e0nh b\u1ed1 tr\u00ed c\u1ef1c k\u1ef3 khoa h\u1ecdc, qua \u0111\u00f3 t\u1ed1i \u01b0u h\u00f3a to\u00e0n b\u1ed9 h\u00e0nh tr\u00ecnh tr\u1ea3i nghi\u1ec7m ngay t\u1eeb nh\u1eefng gi\u00e2y ph\u00fat \u0111\u1ea7u ti\u00ean.<\/span><\/p>\n<h3><span class=\"ez-toc-section\" id=\"He_thong_thanh_toan_sieu_toc_tich_hop_da_kenh\"><\/span><b>H\u1ec7 th\u1ed1ng thanh to\u00e1n si\u00eau t\u1ed1c t\u00edch h\u1ee3p \u0111a k\u00eanh<\/b><span class=\"ez-toc-section-end\"><\/span><\/h3>\n<p><span style=\"font-weight: 400;\">T\u1ed1c \u0111\u1ed9 giao d\u1ecbch lu\u00f4n l\u00e0 y\u1ebfu t\u1ed1 quy\u1ebft \u0111\u1ecbnh ph\u1ea7n l\u1edbn m\u1ee9c \u0111\u1ed9 h\u00e0i l\u00f2ng th\u1ef1c t\u1ebf khi tham gia tr\u1ea3i nghi\u1ec7m tr\u00ean b\u1ea5t k\u1ef3 n\u1ec1n t\u1ea3ng n\u00e0o. KK55 hi\u1ec7n \u0111ang h\u1ed7 tr\u1ee3 \u0111a d\u1ea1ng ph\u01b0\u01a1ng th\u1ee9c t\u1eeb chuy\u1ec3n kho\u1ea3n ng\u00e2n h\u00e0ng, v\u00ed \u0111i\u1ec7n t\u1eed \u0111\u1ebfn th\u1ebb c\u00e0o, \u0111\u1ea3m b\u1ea3o m\u1ecdi l\u1ec7nh r\u00fat n\u1ea1p c\u1ee7a ng\u01b0\u1eddi ch\u01a1i \u0111\u1ec1u \u0111\u01b0\u1ee3c h\u1ec7 th\u1ed1ng t\u1ef1 \u0111\u1ed9ng x\u1eed l\u00fd di\u1ec5n ra nhanh ch\u00f3ng, an to\u00e0n v\u00e0 ch\u00ednh x\u00e1c \u0111\u1ebfn t\u1eebng con s\u1ed1 nh\u1ecf nh\u1ea5t.<\/span><\/p>\n<h2><span class=\"ez-toc-section\" id=\"Ket_luan\"><\/span><b>K\u1ebft lu\u1eadn<\/b><span class=\"ez-toc-section-end\"><\/span><\/h2>\n<p><span style=\"font-weight: 400;\">H\u00e0nh tr\u00ecnh ki\u1ebfn t\u1ea1o m\u1ed9t kh\u00f4ng gian gi\u1ea3i tr\u00ed \u0111\u1ec9nh cao kh\u00f4ng bao gi\u1edd l\u00e0 d\u1ec5 d\u00e0ng, nh\u01b0ng b\u1eb1ng l\u00f2ng nhi\u1ec7t huy\u1ebft v\u00e0 s\u1ef1 t\u1eadn t\u00e2m, ch\u00fang t\u00f4i t\u1ef1 h\u00e0o <a href=\"https:\/\/kk55.archi\/index.php\/gioi-thieu-kk55\/\"><strong>gi\u1edbi thi\u1ec7u KK55<\/strong><\/a> l\u00e0 \u0111i\u1ec3m t\u1ef1a v\u1eefng ch\u1eafc cho \u0111am m\u00ea c\u1ee7a m\u1ed7i ng\u01b0\u1eddi ch\u01a1i. Hy v\u1ecdng b\u00e0i vi\u1ebft gi\u1edbi thi\u1ec7u n\u00e0y \u0111\u00e3 cung c\u1ea5p m\u1ed9t g\u00f3c nh\u00ecn to\u00e0n di\u1ec7n v\u00e0 ch\u00e2n th\u1ef1c nh\u1ea5t v\u1ec1 ch\u1ea5t l\u01b0\u1ee3ng d\u1ecbch v\u1ee5 c\u1ee7a ch\u00fang t\u00f4i. H\u00e3y nhanh tay tham gia ngay h\u00f4m nay \u0111\u1ec3 nh\u1eadn v\u1ec1 nh\u1eefng \u0111\u1eb7c quy\u1ec1n \u01b0u \u0111\u00e3i d\u00e0nh ri\u00eang cho nh\u1eefng th\u00e0nh vi\u00ean m\u1edbi.<\/span><\/p>\n","protected":false},"excerpt":{"rendered":"<p>KK55 Nh\u00e0 C\u00e1i Tr\u1ef1c Tuy\u1ebfn Uy T\u00edn &#8211; \u0110\u01b0\u1ee3c Y\u00eau Th\u00edch Nh\u1ea5t 2026 Gi\u1edbi thi\u1ec7u KK55 l\u00e0 m\u1ed9t \u0111i\u1ec3m \u0111\u1ebfn an to\u00e0n v\u00e0 ch\u1ea5t l\u01b0\u1ee3ng lu\u00f4n l\u00e0 \u01b0u ti\u00ean h\u00e0ng \u0111\u1ea7u c\u1ee7a ch\u00fang t\u00f4i khi ph\u1ee5c v\u1ee5 c\u1ed9ng \u0111\u1ed3ng. Gi\u1eefa h\u00e0ng ng\u00e0n l\u1ef1a ch\u1ecdn tr\u00ean th\u1ecb tr\u01b0\u1eddng hi\u1ec7n nay, KK55 v\u01b0\u01a1n l\u00ean nh\u01b0 m\u1ed9t bi\u1ec3u [&#8230;]\n","protected":false},"author":1,"featured_media":141,"parent":0,"menu_order":0,"comment_status":"closed","ping_status":"closed","template":"","meta":{"footnotes":""},"class_list":["post-138","page","type-page","status-publish","has-post-thumbnail","hentry"],"_links":{"self":[{"href":"https:\/\/kk55.archi\/index.php\/wp-json\/wp\/v2\/pages\/138","targetHints":{"allow":["GET"]}}],"collection":[{"href":"https:\/\/kk55.archi\/index.php\/wp-json\/wp\/v2\/pages"}],"about":[{"href":"https:\/\/kk55.archi\/index.php\/wp-json\/wp\/v2\/types\/page"}],"author":[{"embeddable":true,"href":"https:\/\/kk55.archi\/index.php\/wp-json\/wp\/v2\/users\/1"}],"replies":[{"embeddable":true,"href":"https:\/\/kk55.archi\/index.php\/wp-json\/wp\/v2\/comments?post=138"}],"version-history":[{"count":3,"href":"https:\/\/kk55.archi\/index.php\/wp-json\/wp\/v2\/pages\/138\/revisions"}],"predecessor-version":[{"id":311,"href":"https:\/\/kk55.archi\/index.php\/wp-json\/wp\/v2\/pages\/138\/revisions\/311"}],"wp:featuredmedia":[{"embeddable":true,"href":"https:\/\/kk55.archi\/index.php\/wp-json\/wp\/v2\/media\/141"}],"wp:attachment":[{"href":"https:\/\/kk55.archi\/index.php\/wp-json\/wp\/v2\/media?parent=138"}],"curies":[{"name":"wp","href":"https:\/\/api.w.org\/{rel}","templated":true}]}}