{"id":151,"date":"2026-04-11T15:23:27","date_gmt":"2026-04-11T08:23:27","guid":{"rendered":"https:\/\/kk55.archi\/?page_id=151"},"modified":"2026-04-13T01:43:02","modified_gmt":"2026-04-12T18:43:02","slug":"dieu-khoan-dieu-kien","status":"publish","type":"page","link":"https:\/\/kk55.archi\/index.php\/dieu-khoan-dieu-kien\/","title":{"rendered":"To\u00e0n B\u1ed9 C\u00e1c \u0110i\u1ec1u Kho\u1ea3n \u0110i\u1ec1u Ki\u1ec7n Chu\u1ea9n Nh\u1ea5t Hi\u1ec7n Nay"},"content":{"rendered":"<div id=\"ez-toc-container\" class=\"ez-toc-v2_0_82_2 counter-hierarchy ez-toc-counter ez-toc-grey ez-toc-container-direction\">\n<div class=\"ez-toc-title-container\">\n<p class=\"ez-toc-title\" style=\"cursor:inherit\">M\u1ee5c L\u1ee5c<\/p>\n<span class=\"ez-toc-title-toggle\"><a href=\"#\" class=\"ez-toc-pull-right ez-toc-btn ez-toc-btn-xs ez-toc-btn-default ez-toc-toggle\" aria-label=\"Toggle Table of Content\"><span class=\"ez-toc-js-icon-con\"><span class=\"\"><span class=\"eztoc-hide\" style=\"display:none;\">Toggle<\/span><span class=\"ez-toc-icon-toggle-span\"><svg style=\"fill: #999;color:#999\" xmlns=\"http:\/\/www.w3.org\/2000\/svg\" class=\"list-377408\" width=\"20px\" height=\"20px\" viewBox=\"0 0 24 24\" fill=\"none\"><path d=\"M6 6H4v2h2V6zm14 0H8v2h12V6zM4 11h2v2H4v-2zm16 0H8v2h12v-2zM4 16h2v2H4v-2zm16 0H8v2h12v-2z\" fill=\"currentColor\"><\/path><\/svg><svg style=\"fill: #999;color:#999\" class=\"arrow-unsorted-368013\" xmlns=\"http:\/\/www.w3.org\/2000\/svg\" width=\"10px\" height=\"10px\" viewBox=\"0 0 24 24\" version=\"1.2\" baseProfile=\"tiny\"><path d=\"M18.2 9.3l-6.2-6.3-6.2 6.3c-.2.2-.3.4-.3.7s.1.5.3.7c.2.2.4.3.7.3h11c.3 0 .5-.1.7-.3.2-.2.3-.5.3-.7s-.1-.5-.3-.7zM5.8 14.7l6.2 6.3 6.2-6.3c.2-.2.3-.5.3-.7s-.1-.5-.3-.7c-.2-.2-.4-.3-.7-.3h-11c-.3 0-.5.1-.7.3-.2.2-.3.5-.3.7s.1.5.3.7z\"\/><\/svg><\/span><\/span><\/span><\/a><\/span><\/div>\n<nav><ul class='ez-toc-list ez-toc-list-level-1 ' ><li class='ez-toc-page-1 ez-toc-heading-level-1'><a class=\"ez-toc-link ez-toc-heading-1\" href=\"https:\/\/kk55.archi\/index.php\/dieu-khoan-dieu-kien\/#Toan_Bo_Cac_Dieu_Khoan_Dieu_Kien_Chuan_Nhat_Hien_Nay\" >To\u00e0n B\u1ed9 C\u00e1c \u0110i\u1ec1u Kho\u1ea3n \u0110i\u1ec1u Ki\u1ec7n Chu\u1ea9n Nh\u1ea5t Hi\u1ec7n Nay<\/a><ul class='ez-toc-list-level-2' ><li class='ez-toc-heading-level-2'><a class=\"ez-toc-link ez-toc-heading-2\" href=\"https:\/\/kk55.archi\/index.php\/dieu-khoan-dieu-kien\/#Quy_dinh_chung_ve_dieu_khoan_dieu_kien_KK55\" >Quy \u0111\u1ecbnh chung v\u1ec1 \u0111i\u1ec1u kho\u1ea3n \u0111i\u1ec1u ki\u1ec7n KK55<\/a><ul class='ez-toc-list-level-3' ><li class='ez-toc-heading-level-3'><a class=\"ez-toc-link ez-toc-heading-3\" href=\"https:\/\/kk55.archi\/index.php\/dieu-khoan-dieu-kien\/#Yeu_cau_do_tuoi_hop_phap_khi_dang_ky_tai_khoan\" >Y\u00eau c\u1ea7u \u0111\u1ed9 tu\u1ed5i h\u1ee3p ph\u00e1p khi \u0111\u0103ng k\u00fd t\u00e0i kho\u1ea3n<\/a><\/li><li class='ez-toc-page-1 ez-toc-heading-level-3'><a class=\"ez-toc-link ez-toc-heading-4\" href=\"https:\/\/kk55.archi\/index.php\/dieu-khoan-dieu-kien\/#Quyen_so_huu_tri_tue_doi_voi_tai_san_he_thong\" >Quy\u1ec1n s\u1edf h\u1eefu tr\u00ed tu\u1ec7 \u0111\u1ed1i v\u1edbi t\u00e0i s\u1ea3n h\u1ec7 th\u1ed1ng<\/a><\/li><\/ul><\/li><li class='ez-toc-page-1 ez-toc-heading-level-2'><a class=\"ez-toc-link ez-toc-heading-5\" href=\"https:\/\/kk55.archi\/index.php\/dieu-khoan-dieu-kien\/#Chinh_sach_xu_ly_vi_pham_va_gian_lan_ca_cuoc\" >Ch\u00ednh s\u00e1ch x\u1eed l\u00fd vi ph\u1ea1m v\u00e0 gian l\u1eadn c\u00e1 c\u01b0\u1ee3c<\/a><ul class='ez-toc-list-level-3' ><li class='ez-toc-heading-level-3'><a class=\"ez-toc-link ez-toc-heading-6\" href=\"https:\/\/kk55.archi\/index.php\/dieu-khoan-dieu-kien\/#Cac_hanh_vi_bi_nghiem_cam_tren_toan_he_thong\" >C\u00e1c h\u00e0nh vi b\u1ecb nghi\u00eam c\u1ea5m tr\u00ean to\u00e0n h\u1ec7 th\u1ed1ng<\/a><\/li><li class='ez-toc-page-1 ez-toc-heading-level-3'><a class=\"ez-toc-link ez-toc-heading-7\" href=\"https:\/\/kk55.archi\/index.php\/dieu-khoan-dieu-kien\/#Quy_trinh_tam_khoa_va_thu_hoi_so_du_bat_hop_phap\" >Quy tr\u00ecnh t\u1ea1m kh\u00f3a v\u00e0 thu h\u1ed3i s\u1ed1 d\u01b0 b\u1ea5t h\u1ee3p ph\u00e1p<\/a><\/li><\/ul><\/li><li class='ez-toc-page-1 ez-toc-heading-level-2'><a class=\"ez-toc-link ez-toc-heading-8\" href=\"https:\/\/kk55.archi\/index.php\/dieu-khoan-dieu-kien\/#Quyen_loi_va_trach_nhiem_hai_ben\" >Quy\u1ec1n l\u1ee3i v\u00e0 tr\u00e1ch nhi\u1ec7m hai b\u00ean<\/a><ul class='ez-toc-list-level-3' ><li class='ez-toc-heading-level-3'><a class=\"ez-toc-link ez-toc-heading-9\" href=\"https:\/\/kk55.archi\/index.php\/dieu-khoan-dieu-kien\/#Trach_nhiem_cung_cap_dich_vu_tu_phia_cong_game\" >Tr\u00e1ch nhi\u1ec7m cung c\u1ea5p d\u1ecbch v\u1ee5 t\u1eeb ph\u00eda c\u1ed5ng game<\/a><\/li><li class='ez-toc-page-1 ez-toc-heading-level-3'><a class=\"ez-toc-link ez-toc-heading-10\" href=\"https:\/\/kk55.archi\/index.php\/dieu-khoan-dieu-kien\/#Nghia_vu_cung_cap_du_lieu_chinh_xac_cua_hoi_vien\" >Ngh\u0129a v\u1ee5 cung c\u1ea5p d\u1eef li\u1ec7u ch\u00ednh x\u00e1c c\u1ee7a h\u1ed9i vi\u00ean<\/a><\/li><\/ul><\/li><li class='ez-toc-page-1 ez-toc-heading-level-2'><a class=\"ez-toc-link ez-toc-heading-11\" href=\"https:\/\/kk55.archi\/index.php\/dieu-khoan-dieu-kien\/#Ket_luan\" >K\u1ebft lu\u1eadn<\/a><\/li><\/ul><\/li><\/ul><\/nav><\/div>\n<h1 style=\"text-align: center;\"><span class=\"ez-toc-section\" id=\"Toan_Bo_Cac_Dieu_Khoan_Dieu_Kien_Chuan_Nhat_Hien_Nay\"><\/span><b>To\u00e0n B\u1ed9 C\u00e1c \u0110i\u1ec1u Kho\u1ea3n \u0110i\u1ec1u Ki\u1ec7n Chu\u1ea9n Nh\u1ea5t Hi\u1ec7n Nay<\/b><span class=\"ez-toc-section-end\"><\/span><\/h1>\n<p><span style=\"font-weight: 400;\">\u0110i\u1ec1u kho\u1ea3n \u0111i\u1ec1u ki\u1ec7n l\u00e0 y\u1ebfu t\u1ed1 c\u1ed1t l\u00f5i gi\u00fap x\u00e2y d\u1ef1ng m\u1ed9t kh\u00f4ng gian gi\u1ea3i tr\u00ed minh b\u1ea1ch v\u00e0 c\u00f4ng b\u1eb1ng cho t\u1ea5t c\u1ea3 m\u1ecdi ng\u01b0\u1eddi tham gia. B\u1eb1ng vi\u1ec7c n\u1eafm r\u00f5 c\u00e1c quy t\u1eafc ho\u1ea1t \u0111\u1ed9ng c\u1ee7a <a href=\"https:\/\/kk55.archi\/\"><strong>KK55<\/strong><\/a>, ng\u01b0\u1eddi d\u00f9ng kh\u00f4ng ch\u1ec9 b\u1ea3o v\u1ec7 \u0111\u01b0\u1ee3c quy\u1ec1n l\u1ee3i t\u00e0i ch\u00ednh c\u00e1 nh\u00e2n m\u00e0 c\u00f2n tr\u00e1nh \u0111\u01b0\u1ee3c nh\u1eefng r\u1ee7i ro \u0111\u00e1ng ti\u1ebfc.\u00a0<\/span><\/p>\n<h2><span class=\"ez-toc-section\" id=\"Quy_dinh_chung_ve_dieu_khoan_dieu_kien_KK55\"><\/span><b>Quy \u0111\u1ecbnh chung v\u1ec1 \u0111i\u1ec1u kho\u1ea3n \u0111i\u1ec1u ki\u1ec7n KK55<\/b><span class=\"ez-toc-section-end\"><\/span><\/h2>\n<p><span style=\"font-weight: 400;\">\u0110\u1ec3 h\u1ec7 th\u1ed1ng v\u1eadn h\u00e0nh tr\u01a1n tru v\u00e0 an to\u00e0n, nh\u00e0 c\u00e1i thi\u1ebft l\u1eadp m\u1ed9t b\u1ed9 ti\u00eau chu\u1ea9n c\u01a1 b\u1ea3n m\u00e0 b\u1ea5t k\u1ef3 ai c\u0169ng ph\u1ea3i tu\u00e2n th\u1ee7 c\u1ef1c k\u1ef3 nghi\u00eam ng\u1eb7t. Nh\u1eefng quy \u0111\u1ecbnh ph\u00e1p l\u00fd v\u1eefng ch\u1eafc n\u00e0y \u0111\u01b0\u1ee3c xem l\u00e0 ranh gi\u1edbi an to\u00e0n tuy\u1ec7t \u0111\u1ed1i \u0111\u1ec3 ng\u01b0\u1eddi ch\u01a1i c\u00f3 th\u1ec3 an t\u00e2m g\u1eafn b\u00f3 l\u00e2u d\u00e0i.<\/span><\/p>\n<figure id=\"attachment_154\" aria-describedby=\"caption-attachment-154\" style=\"width: 800px\" class=\"wp-caption aligncenter\"><img decoding=\"async\" class=\"size-full wp-image-154\" src=\"https:\/\/kk55.archi\/wp-content\/uploads\/2026\/04\/nam-ro-dieu-khoan-dieu-kien-chung.jpg\" alt=\"N\u1eafm r\u00f5 \u0111i\u1ec1u kho\u1ea3n \u0111i\u1ec1u ki\u1ec7n chung\" width=\"800\" height=\"400\" srcset=\"https:\/\/kk55.archi\/wp-content\/uploads\/2026\/04\/nam-ro-dieu-khoan-dieu-kien-chung.jpg 800w, https:\/\/kk55.archi\/wp-content\/uploads\/2026\/04\/nam-ro-dieu-khoan-dieu-kien-chung-300x150.jpg 300w, https:\/\/kk55.archi\/wp-content\/uploads\/2026\/04\/nam-ro-dieu-khoan-dieu-kien-chung-768x384.jpg 768w\" sizes=\"(max-width: 800px) 100vw, 800px\" \/><figcaption id=\"caption-attachment-154\" class=\"wp-caption-text\">N\u1eafm r\u00f5 \u0111i\u1ec1u kho\u1ea3n \u0111i\u1ec1u ki\u1ec7n chung<\/figcaption><\/figure>\n<h3><span class=\"ez-toc-section\" id=\"Yeu_cau_do_tuoi_hop_phap_khi_dang_ky_tai_khoan\"><\/span><b>Y\u00eau c\u1ea7u \u0111\u1ed9 tu\u1ed5i h\u1ee3p ph\u00e1p khi \u0111\u0103ng k\u00fd t\u00e0i kho\u1ea3n<\/b><span class=\"ez-toc-section-end\"><\/span><\/h3>\n<p><span style=\"font-weight: 400;\">S\u1ef1 minh b\u1ea1ch v\u1eefng ch\u1eafc nh\u1ea5t lu\u00f4n b\u1eaft \u0111\u1ea7u t\u1eeb vi\u1ec7c x\u00e1c minh t\u01b0 c\u00e1ch ng\u01b0\u1eddi tham gia d\u1ef1a tr\u00ean c\u00e1c v\u0103n b\u1ea3n ph\u00e1p lu\u1eadt hi\u1ec7n h\u00e0nh \u0111ang \u0111\u01b0\u1ee3c \u00e1p d\u1ee5ng. B\u1ea1n c\u1ea7n \u0111\u1ea3m b\u1ea3o \u0111\u1ee7 n\u0103ng l\u1ef1c h\u00e0nh vi d\u00e2n s\u1ef1 tr\u01b0\u1edbc khi kh\u1edfi t\u1ea1o h\u1ed3 s\u01a1 tr\u00ean h\u1ec7 th\u1ed1ng c\u1ee7a ch\u00fang t\u00f4i \u0111\u1ec3 tr\u00e1nh ph\u00e1t sinh l\u1ed7i.<\/span><\/p>\n<ul>\n<li style=\"font-weight: 400;\" aria-level=\"1\"><span style=\"font-weight: 400;\">Ng\u01b0\u1eddi ch\u01a1i b\u1eaft bu\u1ed9c ph\u1ea3i \u0111\u1ea1t \u0111\u1ee7 18 tu\u1ed5i tr\u00f2n t\u00ednh theo ng\u00e0y th\u00e1ng n\u0103m sinh.<\/span><\/li>\n<li style=\"font-weight: 400;\" aria-level=\"1\"><span style=\"font-weight: 400;\">H\u1ec7 th\u1ed1ng s\u1ebd li\u00ean t\u1ee5c \u0111\u1ed1i chi\u1ebfu th\u00f4ng tin c\u00e1 nh\u00e2n v\u1edbi c\u01a1 s\u1edf d\u1eef li\u1ec7u.<\/span><\/li>\n<li style=\"font-weight: 400;\" aria-level=\"1\"><span style=\"font-weight: 400;\">M\u1ecdi h\u00e0nh vi c\u1ed1 t\u00ecnh khai b\u00e1o gian l\u1eadn tu\u1ed5i t\u00e1c \u0111\u1ec1u b\u1ecb t\u1eeb ch\u1ed1i ph\u1ee5c v\u1ee5.<\/span><\/li>\n<\/ul>\n<h3><span class=\"ez-toc-section\" id=\"Quyen_so_huu_tri_tue_doi_voi_tai_san_he_thong\"><\/span><b>Quy\u1ec1n s\u1edf h\u1eefu tr\u00ed tu\u1ec7 \u0111\u1ed1i v\u1edbi t\u00e0i s\u1ea3n h\u1ec7 th\u1ed1ng<\/b><span class=\"ez-toc-section-end\"><\/span><\/h3>\n<p><span style=\"font-weight: 400;\">To\u00e0n b\u1ed9 h\u1ec7 th\u1ed1ng h\u00ecnh \u1ea3nh, giao di\u1ec7n m\u00e3 ngu\u1ed3n v\u00e0 d\u1eef li\u1ec7u hi\u1ec3n th\u1ecb tr\u00ean trang ch\u1ee7 \u0111\u1ec1u thu\u1ed9c b\u1ea3n quy\u1ec1n b\u1ea3o h\u1ed9 h\u1ee3p ph\u00e1p c\u1ee7a \u0111\u01a1n v\u1ecb qu\u1ea3n l\u00fd. Ng\u01b0\u1eddi ch\u01a1i \u0111\u01b0\u1ee3c c\u1ea5p quy\u1ec1n s\u1eed d\u1ee5ng d\u1ecbch v\u1ee5 gi\u1ea3i tr\u00ed nh\u01b0ng tuy\u1ec7t \u0111\u1ed1i kh\u00f4ng \u0111\u01b0\u1ee3c ph\u00e9p sao ch\u00e9p v\u1edbi b\u1ea5t k\u1ef3 m\u1ee5c \u0111\u00edch th\u01b0\u01a1ng m\u1ea1i h\u00f3a n\u00e0o. Vi\u1ec7c t\u00f4n tr\u1ecdng ch\u1ea5t x\u00e1m n\u1ed9i b\u1ed9 c\u0169ng l\u00e0 c\u00e1ch b\u1ea1n g\u00f3p ph\u1ea7n duy tr\u00ec n\u1ec1n t\u1ea3ng d\u1ef1a tr\u00ean nh\u1eefng \u0111i\u1ec1u kho\u1ea3n \u0111i\u1ec1u ki\u1ec7n chu\u1ea9n m\u1ef1c.<\/span><\/p>\n<h2><span class=\"ez-toc-section\" id=\"Chinh_sach_xu_ly_vi_pham_va_gian_lan_ca_cuoc\"><\/span><b>Ch\u00ednh s\u00e1ch x\u1eed l\u00fd vi ph\u1ea1m v\u00e0 gian l\u1eadn c\u00e1 c\u01b0\u1ee3c<\/b><span class=\"ez-toc-section-end\"><\/span><\/h2>\n<p><span style=\"font-weight: 400;\">Trong b\u1ea5t k\u1ef3 b\u1ea3n \u0111i\u1ec1u kho\u1ea3n \u0111i\u1ec1u ki\u1ec7n n\u00e0o, y\u1ebfu t\u1ed1 k\u1ef7 lu\u1eadt th\u00e9p lu\u00f4n \u0111\u01b0\u1ee3c h\u1ec7 th\u1ed1ng \u0111\u1eb7t l\u00ean b\u00e0n c\u00e2n \u01b0u ti\u00ean h\u00e0ng \u0111\u1ea7u trong m\u1ecdi t\u00ecnh hu\u1ed1ng. Ch\u00fang t\u00f4i ban h\u00e0nh c\u00e1c b\u1ed9 quy t\u1eafc ki\u1ec3m so\u00e1t ch\u1eb7t ch\u1ebd nh\u1eb1m b\u1ea3o v\u1ec7 m\u00f4i tr\u01b0\u1eddng gi\u1ea3i tr\u00ed chung kh\u1ecfi nh\u1eefng c\u00e1 nh\u00e2n c\u00f3 \u00fd \u0111\u1ed3 tr\u1ee5c l\u1ee3i.<\/span><\/p>\n<figure id=\"attachment_152\" aria-describedby=\"caption-attachment-152\" style=\"width: 800px\" class=\"wp-caption aligncenter\"><img decoding=\"async\" class=\"size-full wp-image-152\" src=\"https:\/\/kk55.archi\/wp-content\/uploads\/2026\/04\/chinh-sach-xu-ly-gian-lan-nghiem.jpg\" alt=\"Ch\u00ednh s\u00e1ch x\u1eed l\u00fd gian l\u1eadn nghi\u00eam\" width=\"800\" height=\"400\" srcset=\"https:\/\/kk55.archi\/wp-content\/uploads\/2026\/04\/chinh-sach-xu-ly-gian-lan-nghiem.jpg 800w, https:\/\/kk55.archi\/wp-content\/uploads\/2026\/04\/chinh-sach-xu-ly-gian-lan-nghiem-300x150.jpg 300w, https:\/\/kk55.archi\/wp-content\/uploads\/2026\/04\/chinh-sach-xu-ly-gian-lan-nghiem-768x384.jpg 768w\" sizes=\"(max-width: 800px) 100vw, 800px\" \/><figcaption id=\"caption-attachment-152\" class=\"wp-caption-text\">Ch\u00ednh s\u00e1ch x\u1eed l\u00fd gian l\u1eadn nghi\u00eam<\/figcaption><\/figure>\n<h3><span class=\"ez-toc-section\" id=\"Cac_hanh_vi_bi_nghiem_cam_tren_toan_he_thong\"><\/span><b>C\u00e1c h\u00e0nh vi b\u1ecb nghi\u00eam c\u1ea5m tr\u00ean to\u00e0n h\u1ec7 th\u1ed1ng<\/b><span class=\"ez-toc-section-end\"><\/span><\/h3>\n<p><span style=\"font-weight: 400;\">Nh\u00e0 c\u00e1i li\u00ean t\u1ee5c r\u00e0 so\u00e1t t\u1ea5t c\u1ea3 c\u00e1c phi\u00ean truy c\u1eadp th\u00f4ng qua c\u00f4ng ngh\u1ec7 tr\u00ed tu\u1ec7 nh\u00e2n t\u1ea1o hi\u1ec7n \u0111\u1ea1i b\u1eadc nh\u1ea5t tr\u00ean th\u1ecb tr\u01b0\u1eddng hi\u1ec7n nay. Nh\u1eefng ho\u1ea1t \u0111\u1ed9ng l\u00e0m sai l\u1ec7ch k\u1ebft qu\u1ea3 c\u01b0\u1ee3c ho\u1eb7c l\u1ea1m d\u1ee5ng l\u1ed7 h\u1ed5ng l\u1eadp tr\u00ecnh s\u1ebd l\u1eadp t\u1ee9c b\u1ecb m\u00e1y ch\u1ee7 nh\u1eadn di\u1ec7n t\u1ef1 \u0111\u1ed9ng v\u00f4 c\u00f9ng nhanh ch\u00f3ng. M\u1ed7i ng\u01b0\u1eddi ch\u01a1i c\u1ea7n t\u1ef1 gi\u00e1c tu\u00e2n th\u1ee7 \u0111i\u1ec1u kho\u1ea3n \u0111i\u1ec1u ki\u1ec7n \u0111\u1ec3 kh\u00f4ng v\u01b0\u1edbng ph\u1ea3i nh\u1eefng r\u1eafc r\u1ed1i ph\u00e1p l\u00fd.<\/span><\/p>\n<ul>\n<li style=\"font-weight: 400;\" aria-level=\"1\"><span style=\"font-weight: 400;\">Kh\u00f4ng s\u1eed d\u1ee5ng ph\u1ea7n m\u1ec1m th\u1ee9 ba can thi\u1ec7p tr\u1ef1c ti\u1ebfp v\u00e0o m\u00e3 ngu\u1ed3n n\u1ec1n t\u1ea3ng.<\/span><\/li>\n<li style=\"font-weight: 400;\" aria-level=\"1\"><span style=\"font-weight: 400;\">Tuy\u1ec7t \u0111\u1ed1i kh\u00f4ng t\u1ea1o t\u1eeb 2 t\u00e0i kho\u1ea3n tr\u1edf l\u00ean tr\u00ean c\u00f9ng m\u1ed9t m\u1ea1ng internet.<\/span><\/li>\n<li style=\"font-weight: 400;\" aria-level=\"1\"><span style=\"font-weight: 400;\">C\u1ea5m h\u00e0nh vi t\u1ed5 ch\u1ee9c c\u00e1 c\u01b0\u1ee3c ch\u00e9o nh\u1eb1m r\u1eeda ti\u1ec1n ho\u1eb7c l\u00e1ch lu\u1eadt tr\u1ee5c l\u1ee3i.<\/span><\/li>\n<\/ul>\n<h3><span class=\"ez-toc-section\" id=\"Quy_trinh_tam_khoa_va_thu_hoi_so_du_bat_hop_phap\"><\/span><b>Quy tr\u00ecnh t\u1ea1m kh\u00f3a v\u00e0 thu h\u1ed3i s\u1ed1 d\u01b0 b\u1ea5t h\u1ee3p ph\u00e1p<\/b><span class=\"ez-toc-section-end\"><\/span><\/h3>\n<p><span style=\"font-weight: 400;\">Khi ph\u00e1t hi\u1ec7n c\u00e1c d\u1ea5u hi\u1ec7u vi ph\u1ea1m kh\u1ea3 nghi \u0111i\u1ec1u kho\u1ea3n \u0111i\u1ec1u ki\u1ec7n, b\u1ed9 ph\u1eadn an ninh m\u1ea1ng s\u1ebd k\u00edch ho\u1ea1t quy tr\u00ecnh c\u00e1ch ly t\u00e0i kho\u1ea3n ngay l\u1eadp t\u1ee9c nh\u1eb1m b\u1ea3o v\u1ec7 d\u00f2ng ti\u1ec1n. B\u1ea3ng d\u1eef li\u1ec7u th\u1ef1c t\u1ebf d\u01b0\u1edbi \u0111\u00e2y th\u1ec3 hi\u1ec7n tr\u00ecnh t\u1ef1 x\u1eed l\u00fd nghi\u00eam ng\u1eb7t m\u00e0 KK55 \u0111ang \u00e1p d\u1ee5ng cho h\u00e0ng ng\u00e0n tr\u01b0\u1eddng h\u1ee3p h\u1ed9i vi\u00ean c\u1ed1 t\u00ecnh vi ph\u1ea1m m\u1ed7i th\u00e1ng.<\/span><\/p>\n<blockquote><p><span style=\"font-weight: 400;\">Xem Th\u00eam:\u00a0C\u1eadp Nh\u1eadt Quy \u0110\u1ecbnh<a href=\"https:\/\/kk55.archi\/index.php\/mien-tru-trach-nhiem\/\"> Mi\u1ec5n Tr\u1eeb Tr\u00e1ch Nhi\u1ec7m <\/a>M\u1edbi Nh\u1ea5t 2026<\/span><\/p><\/blockquote>\n<table>\n<tbody>\n<tr>\n<td><span style=\"font-weight: 400;\">C\u1ea5p \u0111\u1ed9 c\u1ea3nh b\u00e1o l\u1ed7i<\/span><\/td>\n<td><span style=\"font-weight: 400;\">Th\u1eddi gian kh\u00f3a ch\u1ee9c n\u0103ng<\/span><\/td>\n<td><span style=\"font-weight: 400;\">Ph\u01b0\u01a1ng \u00e1n x\u1eed l\u00fd t\u00e0i s\u1ea3n<\/span><\/td>\n<\/tr>\n<tr>\n<td><span style=\"font-weight: 400;\">C\u1ea5p 1 (Ch\u1ec9 c\u1ea3nh c\u00e1o)<\/span><\/td>\n<td><span style=\"font-weight: 400;\">Trong v\u00f2ng 24 gi\u1edd \u0111\u1ed3ng h\u1ed3<\/span><\/td>\n<td><span style=\"font-weight: 400;\">B\u1ea3o l\u01b0u nguy\u00ean tr\u1ea1ng t\u00e0i kho\u1ea3n<\/span><\/td>\n<\/tr>\n<tr>\n<td><span style=\"font-weight: 400;\">C\u1ea5p 2 (R\u1ea5t nghi\u00eam tr\u1ecdng)<\/span><\/td>\n<td><span style=\"font-weight: 400;\">Trong kho\u1ea3ng 7 ng\u00e0y l\u00e0m vi\u1ec7c<\/span><\/td>\n<td><span style=\"font-weight: 400;\">Thu h\u1ed3i ti\u1ec1n th\u01b0\u1edfng<\/span><\/td>\n<\/tr>\n<tr>\n<td><span style=\"font-weight: 400;\">C\u1ea5p 3 (\u0110\u1eb7c bi\u1ec7t nghi\u00eam tr\u1ecdng)<\/span><\/td>\n<td><span style=\"font-weight: 400;\">\u0110\u00f3ng b\u0103ng t\u00e0i kho\u1ea3n v\u0129nh vi\u1ec5n<\/span><\/td>\n<td><span style=\"font-weight: 400;\"> B\u1ed3i th\u01b0\u1eddng thi\u1ec7t h\u1ea1i<\/span><\/td>\n<\/tr>\n<\/tbody>\n<\/table>\n<h2><span class=\"ez-toc-section\" id=\"Quyen_loi_va_trach_nhiem_hai_ben\"><\/span><b>Quy\u1ec1n l\u1ee3i v\u00e0 tr\u00e1ch nhi\u1ec7m hai b\u00ean<\/b><span class=\"ez-toc-section-end\"><\/span><\/h2>\n<p><span style=\"font-weight: 400;\">M\u1ed1i quan h\u1ec7 ch\u1eb7t ch\u1ebd gi\u1eefa h\u1ec7 th\u1ed1ng qu\u1ea3n l\u00fd v\u00e0 ng\u01b0\u1eddi tham gia \u0111\u01b0\u1ee3c r\u00e0ng bu\u1ed9c b\u1edfi nguy\u00ean t\u1eafc \u0111\u00f4i b\u00ean c\u00f9ng c\u00f3 l\u1ee3i l\u00e2u d\u00e0i. B\u1ea5t c\u1ee9 khi n\u00e0o b\u1ea1n nh\u1ea5n n\u00fat \u0111\u1ed3ng \u00fd v\u1edbi \u0111i\u1ec1u kho\u1ea3n \u0111i\u1ec1u ki\u1ec7n, m\u1ed9t b\u1ea3n h\u1ee3p \u0111\u1ed3ng b\u1ea3o v\u1ec7 quy\u1ec1n l\u1ee3i song ph\u01b0\u01a1ng ch\u00ednh th\u1ee9c c\u00f3 hi\u1ec7u l\u1ef1c.<\/span><\/p>\n<figure id=\"attachment_155\" aria-describedby=\"caption-attachment-155\" style=\"width: 800px\" class=\"wp-caption aligncenter\"><img decoding=\"async\" class=\"size-full wp-image-155\" src=\"https:\/\/kk55.archi\/wp-content\/uploads\/2026\/04\/quyen-loi-trach-nhiem-phap-ly-chung.jpg\" alt=\"Quy\u1ec1n l\u1ee3i tr\u00e1ch nhi\u1ec7m ph\u00e1p l\u00fd chung\" width=\"800\" height=\"400\" srcset=\"https:\/\/kk55.archi\/wp-content\/uploads\/2026\/04\/quyen-loi-trach-nhiem-phap-ly-chung.jpg 800w, https:\/\/kk55.archi\/wp-content\/uploads\/2026\/04\/quyen-loi-trach-nhiem-phap-ly-chung-300x150.jpg 300w, https:\/\/kk55.archi\/wp-content\/uploads\/2026\/04\/quyen-loi-trach-nhiem-phap-ly-chung-768x384.jpg 768w\" sizes=\"(max-width: 800px) 100vw, 800px\" \/><figcaption id=\"caption-attachment-155\" class=\"wp-caption-text\">Quy\u1ec1n l\u1ee3i tr\u00e1ch nhi\u1ec7m ph\u00e1p l\u00fd chung<\/figcaption><\/figure>\n<h3><span class=\"ez-toc-section\" id=\"Trach_nhiem_cung_cap_dich_vu_tu_phia_cong_game\"><\/span><b>Tr\u00e1ch nhi\u1ec7m cung c\u1ea5p d\u1ecbch v\u1ee5 t\u1eeb ph\u00eda c\u1ed5ng game<\/b><span class=\"ez-toc-section-end\"><\/span><\/h3>\n<p><span style=\"font-weight: 400;\">Nh\u00e0 c\u00e1i lu\u00f4n cam k\u1ebft duy tr\u00ec m\u1ea1ng l\u01b0\u1edbi m\u00e1y ch\u1ee7 ho\u1ea1t \u0111\u1ed9ng v\u1edbi hi\u1ec7u su\u1ea5t t\u1ed1i \u01b0u nh\u1ea5t \u0111\u1ec3 b\u1ea1n c\u00f3 \u0111\u01b0\u1ee3c gi\u00e2y ph\u00fat th\u01b0 gi\u00e3n tr\u1ecdn v\u1eb9n. M\u1ecdi th\u00f4ng tin m\u00e0 ng\u01b0\u1eddi ch\u01a1i ch\u1ee7 \u0111\u1ed9ng cung c\u1ea5p \u0111\u1ec1u \u0111\u01b0\u1ee3c m\u00e3 h\u00f3a b\u1eb1ng thu\u1eadt to\u00e1n ti\u00ean ti\u1ebfn, ng\u0103n ch\u1eb7n tri\u1ec7t \u0111\u1ec3 s\u1ef1 d\u00f2m ng\u00f3 t\u1eeb c\u00e1c tin t\u1eb7c. Ch\u00fang t\u00f4i s\u1ebd ch\u1ecbu tr\u00e1ch nhi\u1ec7m b\u1ed3i th\u01b0\u1eddng ho\u00e0n to\u00e0n n\u1ebfu s\u1ef1 c\u1ed1 th\u1ea5t tho\u00e1t xu\u1ea5t ph\u00e1t t\u1eeb l\u1ed7i k\u1ef9 thu\u1eadt n\u1ed9i b\u1ed9.<\/span><\/p>\n<h3><span class=\"ez-toc-section\" id=\"Nghia_vu_cung_cap_du_lieu_chinh_xac_cua_hoi_vien\"><\/span><b>Ngh\u0129a v\u1ee5 cung c\u1ea5p d\u1eef li\u1ec7u ch\u00ednh x\u00e1c c\u1ee7a h\u1ed9i vi\u00ean<\/b><span class=\"ez-toc-section-end\"><\/span><\/h3>\n<p><span style=\"font-weight: 400;\">Ng\u01b0\u1ee3c l\u1ea1i, ng\u01b0\u1eddi d\u00f9ng tham gia KK55 c\u00f3 tr\u00e1ch nhi\u1ec7m khai b\u00e1o trung th\u1ef1c m\u1ecdi th\u00f4ng tin \u0111\u1ecbnh danh c\u00e1 nh\u00e2n ngay t\u1eeb l\u00fac m\u1edbi kh\u1edfi t\u1ea1o h\u1ed3 s\u01a1. Vi\u1ec7c \u0111\u1ed1i chi\u1ebfu h\u1ecd t\u00ean ch\u1ee7 t\u00e0i kho\u1ea3n tr\u00f9ng kh\u1edbp v\u1edbi h\u1ec7 th\u1ed1ng th\u1ebb ng\u00e2n h\u00e0ng l\u00e0 y\u1ebfu t\u1ed1 c\u1ef1c k\u1ef3 b\u1eaft bu\u1ed9c \u0111\u1ec3 l\u1ec7nh r\u00fat ti\u1ec1n \u0111\u01b0\u1ee3c th\u00f4ng qua. S\u1ef1 ph\u1ed1i h\u1ee3p nh\u1ecbp nh\u00e0ng trong khu\u00f4n kh\u1ed5 \u0111i\u1ec1u kho\u1ea3n \u0111i\u1ec1u ki\u1ec7n s\u1ebd gi\u00fap ng\u0103n ng\u1eeba r\u1ee7i ro th\u1ea5t tho\u00e1t d\u00f2ng ti\u1ec1n kh\u00f4ng \u0111\u00e1ng c\u00f3.<\/span><\/p>\n<h2><span class=\"ez-toc-section\" id=\"Ket_luan\"><\/span><b>K\u1ebft lu\u1eadn<\/b><span class=\"ez-toc-section-end\"><\/span><\/h2>\n<p><span style=\"font-weight: 400;\">H\u00e0nh trang v\u1eefng ch\u1eafc nh\u1ea5t tr\u01b0\u1edbc khi b\u1ea1n b\u01b0\u1edbc ch\u00e2n v\u00e0o th\u1ebf gi\u1edbi gi\u1ea3i tr\u00ed ch\u00ednh l\u00e0 vi\u1ec7c n\u1eafm b\u1eaft v\u00e0 th\u1ea5u hi\u1ec3u m\u1ecdi quy t\u1eafc r\u00e0ng bu\u1ed9c t\u1eeb n\u1ec1n t\u1ea3ng. Tu\u00e2n th\u1ee7 nghi\u00eam ng\u1eb7t <a href=\"https:\/\/kk55.archi\/index.php\/dieu-khoan-dieu-kien\/\"><strong>\u0111i\u1ec1u kho\u1ea3n \u0111i\u1ec1u ki\u1ec7n<\/strong><\/a> kh\u00f4ng ch\u1ec9 \u0111em l\u1ea1i s\u1ef1 an to\u00e0n cho t\u00e0i s\u1ea3n c\u00e1 nh\u00e2n m\u00e0 c\u00f2n chung tay x\u00e2y d\u1ef1ng m\u1ed9t KK55 ng\u00e0y c\u00e0ng chuy\u00ean nghi\u1ec7p. \u0110\u1eebng qu\u00ean \u0111\u0103ng k\u00fd \u0111\u1ec3 s\u1eb5n s\u00e0ng tham gia tr\u1ea3i nghi\u1ec7m ngay h\u00f4m nay.<\/span><\/p>\n","protected":false},"excerpt":{"rendered":"<p>To\u00e0n B\u1ed9 C\u00e1c \u0110i\u1ec1u Kho\u1ea3n \u0110i\u1ec1u Ki\u1ec7n Chu\u1ea9n Nh\u1ea5t Hi\u1ec7n Nay \u0110i\u1ec1u kho\u1ea3n \u0111i\u1ec1u ki\u1ec7n l\u00e0 y\u1ebfu t\u1ed1 c\u1ed1t l\u00f5i gi\u00fap x\u00e2y d\u1ef1ng m\u1ed9t kh\u00f4ng gian gi\u1ea3i tr\u00ed minh b\u1ea1ch v\u00e0 c\u00f4ng b\u1eb1ng cho t\u1ea5t c\u1ea3 m\u1ecdi ng\u01b0\u1eddi tham gia. B\u1eb1ng vi\u1ec7c n\u1eafm r\u00f5 c\u00e1c quy t\u1eafc ho\u1ea1t \u0111\u1ed9ng c\u1ee7a KK55, ng\u01b0\u1eddi d\u00f9ng kh\u00f4ng ch\u1ec9 [&#8230;]\n","protected":false},"author":1,"featured_media":153,"parent":0,"menu_order":0,"comment_status":"closed","ping_status":"closed","template":"","meta":{"footnotes":""},"class_list":["post-151","page","type-page","status-publish","has-post-thumbnail","hentry"],"_links":{"self":[{"href":"https:\/\/kk55.archi\/index.php\/wp-json\/wp\/v2\/pages\/151","targetHints":{"allow":["GET"]}}],"collection":[{"href":"https:\/\/kk55.archi\/index.php\/wp-json\/wp\/v2\/pages"}],"about":[{"href":"https:\/\/kk55.archi\/index.php\/wp-json\/wp\/v2\/types\/page"}],"author":[{"embeddable":true,"href":"https:\/\/kk55.archi\/index.php\/wp-json\/wp\/v2\/users\/1"}],"replies":[{"embeddable":true,"href":"https:\/\/kk55.archi\/index.php\/wp-json\/wp\/v2\/comments?post=151"}],"version-history":[{"count":4,"href":"https:\/\/kk55.archi\/index.php\/wp-json\/wp\/v2\/pages\/151\/revisions"}],"predecessor-version":[{"id":362,"href":"https:\/\/kk55.archi\/index.php\/wp-json\/wp\/v2\/pages\/151\/revisions\/362"}],"wp:featuredmedia":[{"embeddable":true,"href":"https:\/\/kk55.archi\/index.php\/wp-json\/wp\/v2\/media\/153"}],"wp:attachment":[{"href":"https:\/\/kk55.archi\/index.php\/wp-json\/wp\/v2\/media?parent=151"}],"curies":[{"name":"wp","href":"https:\/\/api.w.org\/{rel}","templated":true}]}}